{"id":63494,"date":"2021-08-30T08:27:33","date_gmt":"2021-08-30T06:27:33","guid":{"rendered":"https:\/\/villarrealcf.es\/\/transparencia-en-las-contrataciones-y-servicios\/"},"modified":"2026-02-11T12:16:01","modified_gmt":"2026-02-11T11:16:01","slug":"transparencia-en-las-contrataciones-y-servicios","status":"publish","type":"page","link":"https:\/\/villarrealcf.es\/val\/transparencia-en-las-contrataciones-y-servicios\/","title":{"rendered":"Transpar\u00e8ncia en les contractacions"},"content":{"protected":false,"blocks":[{"type":"text","widget":"text-editor","text":"4. Transpar\u00e8ncia en les contractacions i serveisa. Informaci\u00f3 sobre contractacions:a.i. Informaci\u00f3 sobre transaccions de jugadors (adquisicions i traspassos ja siguen temporals o definitives): Veure nota 7 de la mem\u00f2ria dels comptes anuals.a.ii. Cost de plantilla aprovat per la Lliga de futbol professional. L\u2019import per a la temporada 25\/26 ha sigut de 173.084 milers d\u2019euros.a.iii. Nombre de jugadors menors d\u2019edat amb llic\u00e8ncia del Club: veure documentb. Informaci\u00f3 sobre subministradors de b\u00e9ns i serveisb.i. Llistat de contractistes i prove\u00efdors m\u00e9s rellevants del Club. veure document","paragraphs":[]}],"structured":{"summary":{"text":"4. Transpar\u00e8ncia en les contractacions i serveisa. Informaci\u00f3 sobre contractacions:a.i. Informaci\u00f3 sobre transaccions de jugadors (adquisicions i traspassos ja siguen temporals o definitives): Veure nota 7 de la mem\u00f2ria dels comptes anuals.a.ii. Cost de plantilla aprovat per la Lliga de futbol professional. L\u2019import per a la temporada 25\/26 ha sigut de 173.084 milers d\u2019euros.a.iii. Nombre de jugadors menors d\u2019edat amb llic\u00e8ncia del Club: veure documentb. Informaci\u00f3 sobre subministradors de b\u00e9ns i serveisb.i. Llistat de contractistes i prove\u00efdors m\u00e9s rellevants del Club. veure document","headings":[],"buttons":[],"images":[],"counts":{"blocks":1,"headings":0,"texts":1,"buttons":0,"images":0},"containers":1},"sections":[{"id":"b0c7d53","type":"container","classes":["elementor-section","elementor-top-section","elementor-element","elementor-element-b0c7d53","elementor-section-boxed","elementor-section-height-default"],"title":"","text":"4. Transpar\u00e8ncia en les contractacions i serveisa. Informaci\u00f3 sobre contractacions:a.i. Informaci\u00f3 sobre transaccions de jugadors (adquisicions i traspassos ja siguen temporals o definitives): Veure nota 7 de la mem\u00f2ria dels comptes anuals.a.ii. Cost de plantilla aprovat per la Lliga de futbol professional. L\u2019import per a la temporada 25\/26 ha sigut de 173.084 milers d\u2019euros.a.iii. Nombre de jugadors menors d\u2019edat amb llic\u00e8ncia del Club: veure documentb. Informaci\u00f3 sobre subministradors de b\u00e9ns i serveisb.i. Llistat de contractistes i prove\u00efdors m\u00e9s rellevants del Club. veure document","headings":[],"texts":[{"type":"text","widget":"text-editor","text":"4. Transpar\u00e8ncia en les contractacions i serveisa. Informaci\u00f3 sobre contractacions:a.i. Informaci\u00f3 sobre transaccions de jugadors (adquisicions i traspassos ja siguen temporals o definitives): Veure nota 7 de la mem\u00f2ria dels comptes anuals.a.ii. Cost de plantilla aprovat per la Lliga de futbol professional. L\u2019import per a la temporada 25\/26 ha sigut de 173.084 milers d\u2019euros.a.iii. Nombre de jugadors menors d\u2019edat amb llic\u00e8ncia del Club: veure documentb. Informaci\u00f3 sobre subministradors de b\u00e9ns i serveisb.i. Llistat de contractistes i prove\u00efdors m\u00e9s rellevants del Club. veure document","paragraphs":[]}],"buttons":[],"images":[],"widgets":["text-editor"],"blocks":[{"type":"text","widget":"text-editor","text":"4. Transpar\u00e8ncia en les contractacions i serveisa. Informaci\u00f3 sobre contractacions:a.i. Informaci\u00f3 sobre transaccions de jugadors (adquisicions i traspassos ja siguen temporals o definitives): Veure nota 7 de la mem\u00f2ria dels comptes anuals.a.ii. Cost de plantilla aprovat per la Lliga de futbol professional. L\u2019import per a la temporada 25\/26 ha sigut de 173.084 milers d\u2019euros.a.iii. Nombre de jugadors menors d\u2019edat amb llic\u00e8ncia del Club: veure documentb. Informaci\u00f3 sobre subministradors de b\u00e9ns i serveisb.i. Llistat de contractistes i prove\u00efdors m\u00e9s rellevants del Club. veure document","paragraphs":[]}],"children":[]}],"hero":{"id":"b0c7d53","type":"container","classes":["elementor-section","elementor-top-section","elementor-element","elementor-element-b0c7d53","elementor-section-boxed","elementor-section-height-default"],"title":"","text":"4. Transpar\u00e8ncia en les contractacions i serveisa. Informaci\u00f3 sobre contractacions:a.i. Informaci\u00f3 sobre transaccions de jugadors (adquisicions i traspassos ja siguen temporals o definitives): Veure nota 7 de la mem\u00f2ria dels comptes anuals.a.ii. Cost de plantilla aprovat per la Lliga de futbol professional. L\u2019import per a la temporada 25\/26 ha sigut de 173.084 milers d\u2019euros.a.iii. Nombre de jugadors menors d\u2019edat amb llic\u00e8ncia del Club: veure documentb. Informaci\u00f3 sobre subministradors de b\u00e9ns i serveisb.i. Llistat de contractistes i prove\u00efdors m\u00e9s rellevants del Club. veure document","headings":[],"texts":[{"type":"text","widget":"text-editor","text":"4. Transpar\u00e8ncia en les contractacions i serveisa. Informaci\u00f3 sobre contractacions:a.i. Informaci\u00f3 sobre transaccions de jugadors (adquisicions i traspassos ja siguen temporals o definitives): Veure nota 7 de la mem\u00f2ria dels comptes anuals.a.ii. Cost de plantilla aprovat per la Lliga de futbol professional. L\u2019import per a la temporada 25\/26 ha sigut de 173.084 milers d\u2019euros.a.iii. Nombre de jugadors menors d\u2019edat amb llic\u00e8ncia del Club: veure documentb. Informaci\u00f3 sobre subministradors de b\u00e9ns i serveisb.i. Llistat de contractistes i prove\u00efdors m\u00e9s rellevants del Club. veure document","paragraphs":[]}],"buttons":[],"images":[],"widgets":["text-editor"],"blocks":[{"type":"text","widget":"text-editor","text":"4. Transpar\u00e8ncia en les contractacions i serveisa. Informaci\u00f3 sobre contractacions:a.i. Informaci\u00f3 sobre transaccions de jugadors (adquisicions i traspassos ja siguen temporals o definitives): Veure nota 7 de la mem\u00f2ria dels comptes anuals.a.ii. Cost de plantilla aprovat per la Lliga de futbol professional. L\u2019import per a la temporada 25\/26 ha sigut de 173.084 milers d\u2019euros.a.iii. Nombre de jugadors menors d\u2019edat amb llic\u00e8ncia del Club: veure documentb. Informaci\u00f3 sobre subministradors de b\u00e9ns i serveisb.i. Llistat de contractistes i prove\u00efdors m\u00e9s rellevants del Club. veure document","paragraphs":[]}],"children":[]}},"sections":[{"id":"b0c7d53","title":"comptes anuals","text":"4. Transpar\u00e8ncia en les contractacions i serveisa. Informaci\u00f3 sobre contractacions:a.i. Informaci\u00f3 sobre transaccions de jugadors (adquisicions i traspassos ja siguen temporals o definitives): Veure nota 7 de la mem\u00f2ria dels comptes anuals.a.ii. Cost de plantilla aprovat per la Lliga de futbol professional. L\u2019import per a la temporada 25\/26 ha sigut de 173.084 milers d\u2019euros.a.iii. Nombre de jugadors menors d\u2019edat amb llic\u00e8ncia del Club: veure documentb. Informaci\u00f3 sobre subministradors de b\u00e9ns i serveisb.i. Llistat de contractistes i prove\u00efdors m\u00e9s rellevants del Club. veure document","url":"https:\/\/villarrealcf.es\/wp-content\/uploads\/2026\/02\/3.a.v-CCAA-Villarreal-24-25-firmado.pdf","background_image":"","images":[],"videos":[],"links":[{"url":"https:\/\/villarrealcf.es\/wp-content\/uploads\/2026\/02\/3.a.v-CCAA-Villarreal-24-25-firmado.pdf","text":"comptes anuals","target":""},{"url":"https:\/\/villarrealcf.es\/wp-content\/uploads\/2026\/02\/1.b.vi-Equipos-25-26.pdf","text":"veure document","target":""},{"url":"https:\/\/villarrealcf.es\/wp-content\/uploads\/2026\/02\/4.b.i-Contratistas-del-Club.pdf","text":"veure document","target":""}]}]},"excerpt":{"rendered":"4. Transpar\u00e8ncia en les contractacions i serveisa. Informaci\u00f3 sobre contractacions:a.i. Informaci\u00f3 sobre transaccions de jugadors (adquisicions i traspassos ja siguen temporals o definitives): Veure nota 7 de la mem\u00f2ria dels\u00a0comptes anuals.a.ii. Cost de plantilla aprovat per la Lliga de futbol professional. L&#8217;import per a la temporada 25\/26 ha sigut de 173.084 milers d&#8217;euros.a.iii. Nombre de","protected":false},"author":1,"featured_media":0,"parent":0,"menu_order":0,"comment_status":"closed","ping_status":"closed","template":"page-templates\/no-wrapper.php","meta":{"_acf_changed":false,"footnotes":""},"acf":null,"lang":"val","essential_grid":{"has_grid":false},"formatted_date":"August 30, 2021","modified_date":"February 11, 2026","permalink":"https:\/\/villarrealcf.es\/val\/transparencia-en-las-contrataciones-y-servicios\/","reading_time":1,"featured_media_data":null,"author_data":{"id":"1","name":"root_envidea","first_name":"Villarreal CF","last_name":"","description":"","avatar_url":"https:\/\/secure.gravatar.com\/avatar\/48f95f42a3ccc324f3a3458e4b9e6fb070b083e99d388e170c1afb061fa99b63?s=96&d=mm&r=g","acf":null},"taxonomies_data":{"translation_priority":[{"id":744,"name":"Optional","slug":"optional-val-2","acf":null}]},"seo_full":{"native":{"title":"Transpar\u00e8ncia en les contractacions - Web Oficial del Villarreal CF","description":"4. Transpar\u00e8ncia en les contractacions i serveisa. Informaci\u00f3 sobre contractacions:a.i. Informaci\u00f3 sobre transaccions de jugadors (adquisicions i traspassos ja siguen&hellip;","canonical":"https:\/\/villarrealcf.es\/val\/transparencia-en-las-contrataciones-y-servicios\/"}},"_links":{"self":[{"href":"https:\/\/villarrealcf.es\/val\/wp-json\/wp\/v2\/pages\/63494","targetHints":{"allow":["GET"]}}],"collection":[{"href":"https:\/\/villarrealcf.es\/val\/wp-json\/wp\/v2\/pages"}],"about":[{"href":"https:\/\/villarrealcf.es\/val\/wp-json\/wp\/v2\/types\/page"}],"author":[{"embeddable":true,"href":"https:\/\/villarrealcf.es\/val\/wp-json\/wp\/v2\/users\/1"}],"replies":[{"embeddable":true,"href":"https:\/\/villarrealcf.es\/val\/wp-json\/wp\/v2\/comments?post=63494"}],"version-history":[{"count":4,"href":"https:\/\/villarrealcf.es\/val\/wp-json\/wp\/v2\/pages\/63494\/revisions"}],"predecessor-version":[{"id":621066,"href":"https:\/\/villarrealcf.es\/val\/wp-json\/wp\/v2\/pages\/63494\/revisions\/621066"}],"wp:attachment":[{"href":"https:\/\/villarrealcf.es\/val\/wp-json\/wp\/v2\/media?parent=63494"}],"curies":[{"name":"wp","href":"https:\/\/api.w.org\/{rel}","templated":true}]}}