{"id":603239,"date":"2025-09-01T13:11:31","date_gmt":"2025-09-01T11:11:31","guid":{"rendered":"https:\/\/villarrealcf.es\/votacion-mejor-jugador-del-mes\/"},"modified":"2026-04-27T18:31:20","modified_gmt":"2026-04-27T16:31:20","slug":"votacion-mejor-jugador-del-mes","status":"publish","type":"page","link":"https:\/\/villarrealcf.es\/val\/votacion-mejor-jugador-del-mes\/","title":{"rendered":"Votaci\u00f3n mejor jugador del mes"},"content":{"protected":false,"blocks":[{"type":"widget","widget":"shortcode.default","text":"Este contingut \u00e9s exclusiu per a usuaris registrats Registra't gratis i accedix a continguts exclusius Registra't gratis Ja est\u00e0s registrat\/a? Inicia sessi\u00f3"}],"structured":{"summary":{"text":"Este contingut \u00e9s exclusiu per a usuaris registrats Registra't gratis i accedix a continguts exclusius Registra't gratis Ja est\u00e0s registrat\/a? Inicia sessi\u00f3","headings":[],"buttons":[],"images":[],"counts":{"blocks":1,"headings":0,"texts":1,"buttons":0,"images":0},"containers":1},"sections":[{"id":"a78b43c","type":"container","classes":["has-el-gap","el-gap-default","elementor-section","elementor-top-section","elementor-element","elementor-element-a78b43c","elementor-section-full_width","elementor-section-height-default"],"title":"","text":"Este contingut \u00e9s exclusiu per a usuaris registrats Registra't gratis i accedix a continguts exclusius Registra't gratis Ja est\u00e0s registrat\/a? Inicia sessi\u00f3","headings":[],"texts":[{"type":"widget","widget":"shortcode.default","text":"Este contingut \u00e9s exclusiu per a usuaris registrats Registra't gratis i accedix a continguts exclusius Registra't gratis Ja est\u00e0s registrat\/a? Inicia sessi\u00f3"}],"buttons":[],"images":[],"widgets":["shortcode.default"],"blocks":[{"type":"widget","widget":"shortcode.default","text":"Este contingut \u00e9s exclusiu per a usuaris registrats Registra't gratis i accedix a continguts exclusius Registra't gratis Ja est\u00e0s registrat\/a? Inicia sessi\u00f3"}],"children":[]}],"hero":{"id":"a78b43c","type":"container","classes":["has-el-gap","el-gap-default","elementor-section","elementor-top-section","elementor-element","elementor-element-a78b43c","elementor-section-full_width","elementor-section-height-default"],"title":"","text":"Este contingut \u00e9s exclusiu per a usuaris registrats Registra't gratis i accedix a continguts exclusius Registra't gratis Ja est\u00e0s registrat\/a? Inicia sessi\u00f3","headings":[],"texts":[{"type":"widget","widget":"shortcode.default","text":"Este contingut \u00e9s exclusiu per a usuaris registrats Registra't gratis i accedix a continguts exclusius Registra't gratis Ja est\u00e0s registrat\/a? Inicia sessi\u00f3"}],"buttons":[],"images":[],"widgets":["shortcode.default"],"blocks":[{"type":"widget","widget":"shortcode.default","text":"Este contingut \u00e9s exclusiu per a usuaris registrats Registra't gratis i accedix a continguts exclusius Registra't gratis Ja est\u00e0s registrat\/a? Inicia sessi\u00f3"}],"children":[]}},"sections":[{"id":"a78b43c","title":"Este contingut \u00e9s exclusiu per a usuaris registrats Registra't gratis i accedix a continguts exclusius Registra't gratis Ja est\u00e0s registrat\/a? Inicia sessi\u00f3","text":"Este contingut \u00e9s exclusiu per a usuaris registrats Registra't gratis i accedix a continguts exclusius Registra't gratis Ja est\u00e0s registrat\/a? Inicia sessi\u00f3","url":"\/es","background_image":"","images":[{"url":"https:\/\/villarrealcf.es\/wp-content\/uploads\/2023\/04\/logo-villarreal-web.png","alt":"Home","width":0,"height":0}],"videos":[],"links":[{"url":"\/es","text":"","target":""},{"url":"https:\/\/id.sportsalliance.com\/oidc\/v1\/ocEkw9nHjUK-wPLsZocyxw\/connect\/authorize?response_type=code&client_id=XnDsdzjYhUCukpZs38_ajg&redirect_uri=https%3A%2F%2Fvillarrealcf.es%2Fval%2Fvotacion-mejor-jugador-del-mes%2F&scope=openid%20sso%3Aregister%3Alite","text":"Registra't gratis","target":""}]},{"id":"shortcode-votacion_jugador_del_mes-69f27e665a005","type":"shortcode","shortcode":"votacion_jugador_del_mes","attributes":[],"title":"Votacion Jugador Del Mes","rendered":"<div class=\"content-registro\" style=\"background-color: #002246\">\r\n    <a href=\"\/es\" class=\"logo nuxt-link-active\" title=\"Home\">\r\n        <img title=\"Home\" alt=\"Home\" src=\"https:\/\/villarrealcf.es\/wp-content\/uploads\/2023\/04\/logo-villarreal-web.png\">\r\n    <\/a> \r\n    <p class=\"title\">Este contingut \u00e9s exclusiu per a usuaris registrats<\/p> \r\n    <p class=\"text\">Registra&#039;t gratis i accedix a continguts exclusius<\/p> \r\n    <div class=\"btns\">\r\n        <a class=\"btn-link focusable\" href=\"https:\/\/id.sportsalliance.com\/oidc\/v1\/ocEkw9nHjUK-wPLsZocyxw\/connect\/authorize?response_type=code&client_id=XnDsdzjYhUCukpZs38_ajg&redirect_uri=https%3A%2F%2Fvillarrealcf.es%2Fval%2Fvotacion-mejor-jugador-del-mes%2F&scope=openid%20sso%3Aregister%3Alite\">Registra&#039;t gratis<\/a>\r\n    <\/div> \r\n    <div class=\"text-footer\">\r\n        <a class=\"text-login\" href=\"https:\/\/id.sportsalliance.com\/oidc\/v1\/ocEkw9nHjUK-wPLsZocyxw\/connect\/authorize?response_type=code&client_id=XnDsdzjYhUCukpZs38_ajg&redirect_uri=https%3A%2F%2Fvillarrealcf.es%2Fval%2Fvotacion-mejor-jugador-del-mes%2F&scope=openid%20sso%3Aregister%3Alite\">Ja est\u00e0s registrat\/a?<span class=\"font-bold\"> Inicia sessi\u00f3<\/span><\/a>\r\n    <\/div>\r\n<\/div>\r\n","data":{"tabs":[],"matches":[],"images":[{"src":"https:\/\/villarrealcf.es\/wp-content\/uploads\/2023\/04\/logo-villarreal-web.png","alt":"Home","width":0,"height":0}],"links":[{"href":"\/es","text":"","target":""},{"href":"https:\/\/id.sportsalliance.com\/oidc\/v1\/ocEkw9nHjUK-wPLsZocyxw\/connect\/authorize?response_type=code&client_id=XnDsdzjYhUCukpZs38_ajg&redirect_uri=https%3A%2F%2Fvillarrealcf.es%2Fval%2Fvotacion-mejor-jugador-del-mes%2F&scope=openid%20sso%3Aregister%3Alite","text":"Registra't gratis","target":""},{"href":"https:\/\/id.sportsalliance.com\/oidc\/v1\/ocEkw9nHjUK-wPLsZocyxw\/connect\/authorize?response_type=code&client_id=XnDsdzjYhUCukpZs38_ajg&redirect_uri=https%3A%2F%2Fvillarrealcf.es%2Fval%2Fvotacion-mejor-jugador-del-mes%2F&scope=openid%20sso%3Aregister%3Alite","text":"Ja est\u00c3\u00a0s registrat\/a? Inicia sessi\u00c3\u00b3","target":""}]},"text":"","url":"","background_image":"","images":[],"videos":[],"links":[],"blocks":[]}]},"excerpt":{"rendered":"","protected":false},"author":1,"featured_media":0,"parent":0,"menu_order":0,"comment_status":"closed","ping_status":"closed","template":"page-templates\/no-wrapper.php","meta":{"_acf_changed":false,"footnotes":""},"acf":null,"lang":"val","translations":{"es":603203,"en":603238,"val":603239},"essential_grid":{"has_grid":false},"formatted_date":"September 1, 2025","modified_date":"April 27, 2026","permalink":"https:\/\/villarrealcf.es\/val\/votacion-mejor-jugador-del-mes\/","reading_time":1,"featured_media_data":null,"author_data":{"id":"1","name":"root_envidea","first_name":"Villarreal CF","last_name":"","description":"","avatar_url":"https:\/\/secure.gravatar.com\/avatar\/48f95f42a3ccc324f3a3458e4b9e6fb070b083e99d388e170c1afb061fa99b63?s=96&d=mm&r=g","acf":null},"taxonomies_data":{"translation_priority":[{"id":735,"name":"Optional","slug":"optional-val","acf":null}]},"seo_full":{"native":{"title":"Votaci\u00f3n mejor jugador del mes - Web Oficial del Villarreal CF","description":"[votacion_jugador_del_mes]","canonical":"https:\/\/villarrealcf.es\/val\/votacion-mejor-jugador-del-mes\/"}},"_links":{"self":[{"href":"https:\/\/villarrealcf.es\/val\/wp-json\/wp\/v2\/pages\/603239","targetHints":{"allow":["GET"]}}],"collection":[{"href":"https:\/\/villarrealcf.es\/val\/wp-json\/wp\/v2\/pages"}],"about":[{"href":"https:\/\/villarrealcf.es\/val\/wp-json\/wp\/v2\/types\/page"}],"author":[{"embeddable":true,"href":"https:\/\/villarrealcf.es\/val\/wp-json\/wp\/v2\/users\/1"}],"replies":[{"embeddable":true,"href":"https:\/\/villarrealcf.es\/val\/wp-json\/wp\/v2\/comments?post=603239"}],"version-history":[{"count":5,"href":"https:\/\/villarrealcf.es\/val\/wp-json\/wp\/v2\/pages\/603239\/revisions"}],"predecessor-version":[{"id":624164,"href":"https:\/\/villarrealcf.es\/val\/wp-json\/wp\/v2\/pages\/603239\/revisions\/624164"}],"wp:attachment":[{"href":"https:\/\/villarrealcf.es\/val\/wp-json\/wp\/v2\/media?parent=603239"}],"curies":[{"name":"wp","href":"https:\/\/api.w.org\/{rel}","templated":true}]}}

Votación mejor jugador del mes

Este contingut és exclusiu per a usuaris registrats Registra't gratis i accedix a continguts exclusius Registra't gratis Ja estàs registrat/a? Inicia sessió

<div class="content-registro" style="background-color: #002246">
    <a href="/es" class="logo nuxt-link-active" title="Home">
        <img title="Home" alt="Home" src="https://villarrealcf.es/wp-content/uploads/2023/04/logo-villarreal-web.png">
    </a> 
    <p class="title">Este contingut és exclusiu per a usuaris registrats</p> 
    <p class="text">Registra&#039;t gratis i accedix a continguts exclusius</p> 
    <div class="btns">
        <a class="btn-link focusable" href="https://id.sportsalliance.com/oidc/v1/ocEkw9nHjUK-wPLsZocyxw/connect/authorize?response_type=code&client_id=XnDsdzjYhUCukpZs38_ajg&redirect_uri=https%3A%2F%2Fvillarrealcf.es%2Fval%2Fvotacion-mejor-jugador-del-mes%2F&scope=openid%20sso%3Aregister%3Alite">Registra&#039;t gratis</a>
    </div> 
    <div class="text-footer">
        <a class="text-login" href="https://id.sportsalliance.com/oidc/v1/ocEkw9nHjUK-wPLsZocyxw/connect/authorize?response_type=code&client_id=XnDsdzjYhUCukpZs38_ajg&redirect_uri=https%3A%2F%2Fvillarrealcf.es%2Fval%2Fvotacion-mejor-jugador-del-mes%2F&scope=openid%20sso%3Aregister%3Alite">Ja estàs registrat/a?<span class="font-bold"> Inicia sessió</span></a>
    </div>
</div>

Ja estÃ s registrat/a? Inicia sessiÃ³

Votación mejor jugador del mes - Web Oficial del Villarreal CF
