{"id":303786,"date":"2024-04-12T10:26:26","date_gmt":"2024-04-12T08:26:26","guid":{"rendered":"https:\/\/villarrealcf.es\/cantera-grogueta\/edi-verde\/"},"modified":"2026-01-07T18:30:10","modified_gmt":"2026-01-07T17:30:10","slug":"edi-verde","status":"publish","type":"page","link":"https:\/\/villarrealcf.es\/val\/cantera-grogueta\/edi-verde\/","title":{"rendered":"EDI Verde"},"content":{"rendered":"\t\t<div data-elementor-type=\"wp-page\" data-elementor-id=\"303786\" class=\"elementor elementor-303786 elementor-303774\" data-elementor-post-type=\"page\">\n\t\t\t\t\t\t<section class=\"elementor-section elementor-top-section elementor-element elementor-element-5b9294b elementor-section-stretched elementor-section-boxed elementor-section-height-default elementor-section-height-default\" data-id=\"5b9294b\" data-element_type=\"section\" data-e-type=\"section\" data-settings=\"{&quot;stretch_section&quot;:&quot;section-stretched&quot;,&quot;background_background&quot;:&quot;classic&quot;}\">\n\t\t\t\t\t\t<div class=\"elementor-container elementor-column-gap-default\">\n\t\t\t\t\t<div class=\"elementor-column elementor-col-100 elementor-top-column elementor-element elementor-element-76db859\" data-id=\"76db859\" data-element_type=\"column\" data-e-type=\"column\">\n\t\t\t<div class=\"elementor-widget-wrap elementor-element-populated\">\n\t\t\t\t\t\t<div class=\"elementor-element elementor-element-1e88826 elementor-widget elementor-widget-image\" data-id=\"1e88826\" data-element_type=\"widget\" data-e-type=\"widget\" data-widget_type=\"image.default\">\n\t\t\t\t<div class=\"elementor-widget-container\">\n\t\t\t\t\t\t\t\t\t\t\t\t\t\t\t<img loading=\"lazy\" decoding=\"async\" loading=\"lazy\" width=\"2835\" height=\"1890\" src=\"https:\/\/villarrealcf.es\/wp-content\/uploads\/2025\/12\/EDI-Verde-1.webp\" class=\"attachment-full size-full wp-image-615713\" alt=\"\" srcset=\"https:\/\/villarrealcf.es\/wp-content\/uploads\/2025\/12\/EDI-Verde-1.webp 2835w, https:\/\/villarrealcf.es\/wp-content\/uploads\/2025\/12\/EDI-Verde-1-1620x1080.webp 1620w, https:\/\/villarrealcf.es\/wp-content\/uploads\/2025\/12\/EDI-Verde-1.webp 1920w, https:\/\/villarrealcf.es\/wp-content\/uploads\/2025\/12\/EDI-Verde-1-1536x1024.webp 1536w, https:\/\/villarrealcf.es\/wp-content\/uploads\/2025\/12\/EDI-Verde-1-2048x1365.webp 2048w, https:\/\/villarrealcf.es\/wp-content\/uploads\/2025\/12\/EDI-Verde-1.webp 1920w, https:\/\/villarrealcf.es\/wp-content\/uploads\/2025\/12\/EDI-Verde-1.webp 1920w, https:\/\/villarrealcf.es\/wp-content\/uploads\/2025\/12\/EDI-Verde-1-32x21.webp 32w, https:\/\/villarrealcf.es\/wp-content\/uploads\/2025\/12\/EDI-Verde-1-150x100.webp 150w, https:\/\/villarrealcf.es\/wp-content\/uploads\/2025\/12\/EDI-Verde-1.webp 1920w, https:\/\/villarrealcf.es\/wp-content\/uploads\/2025\/12\/EDI-Verde-1-1200x800.webp 1200w\" sizes=\"auto, (max-width: 2835px) 100vw, 2835px\" title=\"\">\t\t\t\t\t\t\t\t\t\t\t\t\t\t\t<\/div>\n\t\t\t\t<\/div>\n\t\t\t\t<div class=\"elementor-element elementor-element-f358293 elementor-widget elementor-widget-text-editor\" data-id=\"f358293\" data-element_type=\"widget\" data-e-type=\"widget\" data-widget_type=\"text-editor.default\">\n\t\t\t\t<div class=\"elementor-widget-container\">\n\t\t\t\t\t\t\t\t\t<p><strong>Fila superior: <\/strong>Miguel \u00c1ngel Archela, Adri\u00e0 S\u00e1nchez, David Garc\u00eda, Ricardo Pitarch y Fran Pinel.<\/p><p><strong>Fila central: <\/strong>Rafa Juli\u00e1n (*), Toni Jim\u00e9nez (*), Fernando Roig (presidente), Claudia Chust (*), Marta C\u00e1diz (*) y Sonia Alc\u00f3n (*).<\/p><p><strong>Fila Inferior: <\/strong>Eduardo Hern\u00e1ndez, Nerea Gil, V\u00edctor P\u00e1rraga, Iv\u00e1n Mengual, Marc Gimeno y Aitor Luna.<\/p>\t\t\t\t\t\t\t\t<\/div>\n\t\t\t\t<\/div>\n\t\t\t\t\t<\/div>\n\t\t<\/div>\n\t\t\t\t\t<\/div>\n\t\t<\/section>\n\t\t\t\t<\/div>\n\t\t","protected":false},"excerpt":{"rendered":"Fila superior: Miguel \u00c1ngel Archela, Adri\u00e0 S\u00e1nchez, David Garc\u00eda, Ricardo Pitarch y Fran Pinel.Fila central: Rafa Juli\u00e1n (*), Toni Jim\u00e9nez (*), Fernando Roig (presidente), Claudia Chust (*), Marta C\u00e1diz (*) y Sonia Alc\u00f3n (*).Fila Inferior: Eduardo Hern\u00e1ndez, Nerea Gil, V\u00edctor P\u00e1rraga, Iv\u00e1n Mengual, Marc Gimeno y Aitor Luna.","protected":false},"author":1,"featured_media":0,"parent":240506,"menu_order":0,"comment_status":"closed","ping_status":"closed","template":"page-templates\/no-wrapper.php","meta":{"_acf_changed":false,"footnotes":""},"class_list":["post-303786","page","type-page","status-publish"],"acf":[],"_links":{"self":[{"href":"https:\/\/villarrealcf.es\/val\/wp-json\/wp\/v2\/pages\/303786","targetHints":{"allow":["GET"]}}],"collection":[{"href":"https:\/\/villarrealcf.es\/val\/wp-json\/wp\/v2\/pages"}],"about":[{"href":"https:\/\/villarrealcf.es\/val\/wp-json\/wp\/v2\/types\/page"}],"author":[{"embeddable":true,"href":"https:\/\/villarrealcf.es\/val\/wp-json\/wp\/v2\/users\/1"}],"replies":[{"embeddable":true,"href":"https:\/\/villarrealcf.es\/val\/wp-json\/wp\/v2\/comments?post=303786"}],"version-history":[{"count":4,"href":"https:\/\/villarrealcf.es\/val\/wp-json\/wp\/v2\/pages\/303786\/revisions"}],"predecessor-version":[{"id":616827,"href":"https:\/\/villarrealcf.es\/val\/wp-json\/wp\/v2\/pages\/303786\/revisions\/616827"}],"up":[{"embeddable":true,"href":"https:\/\/villarrealcf.es\/val\/wp-json\/wp\/v2\/pages\/240506"}],"wp:attachment":[{"href":"https:\/\/villarrealcf.es\/val\/wp-json\/wp\/v2\/media?parent=303786"}],"curies":[{"name":"wp","href":"https:\/\/api.w.org\/{rel}","templated":true}]}}